{"id":15,"date":"2013-09-15T17:28:24","date_gmt":"2013-09-15T17:28:24","guid":{"rendered":"http:\/\/watchdog.chibi.pl\/?page_id=15"},"modified":"2013-10-16T21:20:19","modified_gmt":"2013-10-16T21:20:19","slug":"kontakt","status":"publish","type":"page","link":"https:\/\/sport.siecobywatelska.pl\/?page_id=15","title":{"rendered":"Kontakt"},"content":{"rendered":"<p>Zach\u0119camy do kontaktu z nami, zadawania pyta\u0144 i dzielenia si\u0119 spostrze\u017ceniami na temat spo\u0142ecznej kontroli w\u0142adzy oraz zarz\u0105dzania sportem w Waszym gminach.<\/p>\n<p>&nbsp;<\/p>\n<p><strong>Sie\u0107 obywatelska &#8211; Watchdog Polska<\/strong><\/p>\n<p>ul. Ursynowska 22\/2, 02-605 Warszawa<\/p>\n<p>tel: 22 844 73 55<\/p>\n<p>faks: 22 207 24 09<\/p>\n<p>email: biuro@siecobywatelska.pl<\/p>\n<p><strong>ZESP\u00d3\u0141 OBYWATELSKIEGO MONITORINGU SPORTU<\/strong><\/p>\n<div class=\"contactPerson\">\n<div class=\"image\"><a href=\"http:\/\/watchdog.chibi.pl\/wp-content\/uploads\/2013\/09\/zdj\u0119cie-Agnieszka-Zdanowicz.jpg\"><br \/>\n<img loading=\"lazy\" decoding=\"async\" class=\"size-medium wp-image-258 alignleft\" alt=\"SONY DSC\" src=\"http:\/\/watchdog.chibi.pl\/wp-content\/uploads\/2013\/09\/zdj\u0119cie-Agnieszka-Zdanowicz-223x300.jpg\" width=\"223\" height=\"300\" srcset=\"https:\/\/sport.siecobywatelska.pl\/wp-content\/uploads\/2013\/09\/zdj\u0119cie-Agnieszka-Zdanowicz-223x300.jpg 223w, https:\/\/sport.siecobywatelska.pl\/wp-content\/uploads\/2013\/09\/zdj\u0119cie-Agnieszka-Zdanowicz-763x1024.jpg 763w, https:\/\/sport.siecobywatelska.pl\/wp-content\/uploads\/2013\/09\/zdj\u0119cie-Agnieszka-Zdanowicz.jpg 820w\" sizes=\"auto, (max-width: 223px) 100vw, 223px\" \/><br \/>\n<\/a><\/div>\n<div class=\"description\"><strong>Agnieszka Zdanowicz<\/strong> &#8211; opiekunka monitoringu sportu. Tworzy\u0142a narz\u0119dzie do tegorocznego monitoringu.\u00a0W trakcie monitoringu czuwa nad prawid\u0142owym przebiegiem wszystkich dzia\u0142a\u0144, odpowiada za kontakt z uczestnikami i uczestniczkami.<\/p>\n<div class=\"contacts\">email:\u00a0<a href=\"mailto:agnieszka.zdanowicz@siecobywatelska.pl\">agnieszka.zdanowicz@siecobywatelska.pl<\/a><br \/>\nemail:\u00a0<a href=\"mailto:monitoringsportu@siecobywatelska.pl\">monitoringsportu@siecobywatelska.pl<\/a><br \/>\ntelefon: 22\u00a0844 73 55<\/div>\n<\/div>\n<\/div>\n<div class=\"contactPerson\">\n<div class=\"image\"><a href=\"http:\/\/watchdog.chibi.pl\/wp-content\/uploads\/2013\/09\/Karol_600.jpg\"><br \/>\n<img loading=\"lazy\" decoding=\"async\" class=\"size-medium wp-image-258 alignleft\" alt=\"SONY DSC\" src=\"http:\/\/watchdog.chibi.pl\/wp-content\/uploads\/2013\/09\/Karol_600-225x300.jpg\" width=\"223\" height=\"300\" \/><br \/>\n<\/a><\/div>\n<div class=\"description\"><strong>Karol Mojkowski<\/strong> \u2013 ekspert w monitoringu sportu.\u00a0Tworzy\u0142 narz\u0119dzie do tegorocznego oraz zesz\u0142orocznego monitoringu sportu. \u015aledzi wydarzenia ze \u015bwiata sportu wa\u017cne z punktu widzenia monitoringu i informuje o nich na stronie Obywatelskiego Monitoringu Sportu.<\/p>\n<div class=\"contacts\">email:\u00a0<a href=\"mailto:karol.mojkowski@siecobywatelska.pl\">karol.mojkowski@siecobywatelska.pl<\/a><br \/>\nemail:\u00a0<a href=\"mailto:monitoringsportu@siecobywatelska.pl\">monitoringsportu@siecobywatelska.pl<\/a><br \/>\ntelefon: 22\u00a0844 73 55<\/div>\n<\/div>\n<\/div>\n<div class=\"contactPerson\">\n<div class=\"image\"><a href=\"http:\/\/watchdog.chibi.pl\/wp-content\/uploads\/2013\/09\/Szymon-sport.jpg\"><br \/>\n<img loading=\"lazy\" decoding=\"async\" class=\"size-medium wp-image-258 alignleft\" alt=\"SONY DSC\" src=\"http:\/\/watchdog.chibi.pl\/wp-content\/uploads\/2013\/09\/Szymon-sport-225x300.jpg\" width=\"223\" height=\"300\" \/><br \/>\n<\/a><\/div>\n<div class=\"description\"><strong>Szymon Osowski<\/strong> \u2013 prawnik doradzaj\u0105cy w monitoringu sportu. Specjalizuje si\u0119 w dost\u0119pie do informacji publicznej.\u00a0W trakcie monitoringu odpowiada na Wasze pytania z zakresu dost\u0119pu do informacji publicznej, dokument\u00f3w prawnych zwi\u0105zanych z zarz\u0105dzaniem sportem oraz prawnych instrument\u00f3w\u00a0sygnalizowania problem\u00f3w i wp\u0142ywania na decyzje w\u0142adz.<\/p>\n<div class=\"contacts\">email:\u00a0<a href=\"mailto:szymon.osowski@siecobywatelska.pl\">szymon.osowski@siecobywatelska.pl<\/a><br \/>\nemail:\u00a0<a href=\"mailto:monitoringsportu@siecobywatelska.pl\">monitoringsportu@siecobywatelska.pl<\/a><\/div>\n<\/div>\n<div class=\"clear\"><\/div>\n<\/div>\n","protected":false},"excerpt":{"rendered":"<p>Zach\u0119camy do kontaktu z nami, zadawania pyta\u0144 i dzielenia si\u0119 spostrze\u017ceniami na temat spo\u0142ecznej kontroli w\u0142adzy oraz zarz\u0105dzania sportem w Waszym gminach. &nbsp; Sie\u0107 obywatelska &#8211; Watchdog Polska ul. Ursynowska 22\/2, 02-605 Warszawa tel: 22 844 73 55 faks: 22 207 24 09 email: biuro@siecobywatelska.pl ZESP\u00d3\u0141 OBYWATELSKIEGO MONITORINGU SPORTU Agnieszka Zdanowicz &#8211; opiekunka monitoringu sportu. [&hellip;]<\/p>\n","protected":false},"author":2,"featured_media":0,"parent":0,"menu_order":0,"comment_status":"open","ping_status":"open","template":"","meta":{"footnotes":""},"class_list":["post-15","page","type-page","status-publish","hentry"],"_links":{"self":[{"href":"https:\/\/sport.siecobywatelska.pl\/index.php?rest_route=\/wp\/v2\/pages\/15","targetHints":{"allow":["GET"]}}],"collection":[{"href":"https:\/\/sport.siecobywatelska.pl\/index.php?rest_route=\/wp\/v2\/pages"}],"about":[{"href":"https:\/\/sport.siecobywatelska.pl\/index.php?rest_route=\/wp\/v2\/types\/page"}],"author":[{"embeddable":true,"href":"https:\/\/sport.siecobywatelska.pl\/index.php?rest_route=\/wp\/v2\/users\/2"}],"replies":[{"embeddable":true,"href":"https:\/\/sport.siecobywatelska.pl\/index.php?rest_route=%2Fwp%2Fv2%2Fcomments&post=15"}],"version-history":[{"count":0,"href":"https:\/\/sport.siecobywatelska.pl\/index.php?rest_route=\/wp\/v2\/pages\/15\/revisions"}],"wp:attachment":[{"href":"https:\/\/sport.siecobywatelska.pl\/index.php?rest_route=%2Fwp%2Fv2%2Fmedia&parent=15"}],"curies":[{"name":"wp","href":"https:\/\/api.w.org\/{rel}","templated":true}]}}